Let v = 13 - 6. Let j = -3 + v. Let c(x) = 0*x - 2*x + 0 - 1 + 2. Calculate c(j).
-7
Let o(c) be the second derivative of c**3/2 - 7*c**2/2 - c. Let n(s) = s - 2. Let f(d) = -7*n(d) + 2*o(d). Give f(-5).
5
Let f(l) = l - 2. Let i be (-1)/(-2 + 3)*-3. Calculate f(i).
1
Let z = -2 + 4. Let p(c) = 5*c + 2*c - 1 - c - z*c. Determine p(-2).
-9
Let n = -3 - 4. Let r(b) = 9*b**2 + 7*b + 24. Let s(q) = -5*q**2 - 4*q - 12. Let p(l) = n*s(l) - 4*r(l). Determine p(0).
-12
Let y(z) = z**2 + 3*z - 2. Let j(m) = -6*m**2 + m - 3 + 2 + 2. Let f be j(-1). Let p = f - -3. Give y(p).
-2
Let k(l) = l**3 - 3*l**2 - 3*l + 3. Let j(p) = p**2 + 6*p - 14. Let a be j(-8). Determine k(a).
-7
Let o(u) = -u. Let k(q) = q + 1. Let l(t) = 2*t**3 - 2*t**2 + t. Let w be l(1). Let f be k(w). Let z(g) = -g. Let c(v) = f*z(v) - 3*o(v). Calculate c(-3).
-3
Let a(c) = 3*c**2 + 4*c + 2. Suppose w = o, -o + 3*o - 2 = 3*w. Give a(o).
6
Suppose -3*x + 2*x = 5. Let y(j) = -j**2 - 6*j. Determine y(x).
5
Let i(z) = 2*z**2 + 16*z + 2. Let d(g) = -3*g**2 - 24*g - 3. Let w(t) = -5*d(t) - 8*i(t). Determine w(-7).
6
Let o(m) = m**3 - 4*m - 5. Let i be o(-2). Let f(v) = v**2 + 2*v. Let d(h) = -3*h**2 - 7*h + 1. Let q(n) = -4*d(n) - 11*f(n). What is q(i)?
-9
Let s be (-1)/1 + -1*1. Let t(j) = -j**2 - 3*j + 1. Let n(d) = -1. Let m = -4 - -6. Let v(u) = m*n(u) + t(u). Give v(s).
1
Let y(s) = 6*s**2 + 2*s - 4. Let u(q) = 11*q**2 + 3*q - 7. Let v(b) = 3*u(b) - 5*y(b). What is v(-1)?
3
Let y(v) = -9 + 23 - 2*v**2 - 14 + v**3. Give y(2).
0
Let x = 1 + 4. Let k(v) = 6 - 2*v**3 + 2*v - 6*v**2 + v**3 + 2*v**3. What is k(x)?
-9
Let h(l) = -2*l - 5. Let y = -2 - -4. Let v = -6 + y. Give h(v).
3
Let x(j) = -j**3 - 7*j**2 + 2*j + 10. Let v be 10/(-35) - (-710)/(-14). Let h be v/6 - (-3)/2. Determine x(h).
-4
Suppose x = -x. Let k be 13/(-4) + (-2)/(-8). Let n(g) = -1. Let y(d) = d - 5. Let b(p) = k*n(p) - y(p). Calculate b(x).
8
Let c(u) be the second derivative of u**4/6 + u**3/6 + u**2 + 12*u. Suppose 5*l + 8 = -0*l + d, -3*l = d + 8. Calculate c(l).
8
Let r(q) = -8 - 14 + q + 28. Determine r(0).
6
Let n = 10 + -6. Suppose -n*w = -9*w. Let a(i) = -i**2 - i. What is a(w)?
0
Let u = 7 - 0. Let q be 26/u - 8/(-28). Let g be q/18 - (-86)/18. Let x(f) = -f + 5. What is x(g)?
0
Let a(h) = -2*h**2 + 3*h - 3. Let o be a(2). Let g(l) = -5*l - 23. Let f be (24/(-15))/((-2)/10). Let m(n) = -3*n - 15. Let k(v) = f*m(v) + o*g(v). Give k(5).
0
Let i(a) = a**2 + 4*a - 19 + 19. Give i(-3).
-3
Suppose 2*c = 4*c + 2*v + 16, 4*v = 3*c + 10. Let z be 8/12*c/(-4). Let t(u) = -2*u**2. Calculate t(z).
-2
Let p be 6/4*(6 + 112/(-21)). Let v(h) = 27*h**2 - h. Give v(p).
26
Let s = 26 - 24. Suppose x + s + 4 = 0. Let d(w) = w**2 + 7*w + 6. Calculate d(x).
0
Let m(o) = -2*o + 2. Let n be (2 + -2)/(2*1). Let p = n - -2. Suppose -p*j - 1 - 1 = -d, 0 = 4*d - 4*j + 4. Calculate m(d).
10
Let r(i) = i + 7. Let s be r(-5). Let a(b) = 4*b + 5*b**2 - b**3 + 5*b**2 + 1 - 5*b**s. Give a(6).
-11
Suppose 21 + 51 = 3*b. Let g = b + -18. Let n(l) = -l**2 + 6*l - 6*l**2 + l**3 - 5 + 0*l**2. What is n(g)?
-5
Let t(z) = -z**2 + 6*z - 4. Let y be -9 + 12 - (-1 - 2) - 0. Give t(y).
-4
Let b be (-2)/(-7) + 4/(-14). Suppose 0 = -m - 2 - b. Let t(k) = -k**3 - 2*k**2 + 1. Give t(m).
1
Suppose 0 = 5*g - 35 - 40. Let n be g/(-10)*(-3 - -1). Let s(v) = n*v + 5 + 0*v**2 - 3*v**2 + 2*v**2. Give s(4).
1
Suppose -2*z = -0*z - 24. Suppose 2*t - z = 4. Suppose -2*q = t - 2. Let d(v) = -4*v - 4. Calculate d(q).
8
Let v(p) be the third derivative of -p**8/6720 + p**7/840 + p**6/180 - p**5/40 + p**4/24 - 4*p**2. Let f(o) be the second derivative of v(o). Give f(4).
-3
Let g(h) = 7*h + 8. Let x(t) = t + 1. Let p(z) = g(z) - 5*x(z). Suppose 2*q + 43 = -5*n + 2*n, 4*n - 3*q = -80. Let c = n + 15. Calculate p(c).
-1
Let i(b) be the third derivative of -b**7/2520 + b**5/30 + b**4/24 + b**2. Let o(a) be the second derivative of i(a). Let c = -6 + 9. Calculate o(c).
-5
Let s(x) be the second derivative of 1/6*x**3 + 0 + 3/2*x**2 + 10*x - 1/12*x**4. Calculate s(3).
-3
Let i = 1 + 1. Suppose -i*h + 2 = -6. Let s(d) = -d**3 - 4 + d + 0*d + h*d + 3*d**2. Give s(4).
0
Let d(n) be the third derivative of -1/24*n**4 - 2*n**2 + 0*n + 4/3*n**3 + 0. Let z(r) = -r**2 + 2*r + 6. Let o be z(0). Give d(o).
2
Let f(h) = -h**2 - h. Let k(r) = -4*r**2 - 4*r. Let g(w) = 9*f(w) - 2*k(w). Suppose 2*m + 7*y + 33 = 2*y, m - 5*y = 21. Determine g(m).
-12
Suppose -2*j + 6 = -2*d, -5 = -j - d - 0. Let h(u) = -2*u - 6*u - j*u - u. What is h(1)?
-13
Let s(p) = -p**2. Let n(z) = z**3 - 6*z**2 - 3*z + 4. Let q(w) = -n(w) + 2*s(w). Determine q(3).
14
Suppose -8*r = -4*r. Let n(p) = -p + 8. Let f be n(6). Suppose 4*c - f*c + 10 = r. Let m(q) = q**2 + 7*q + 5. Calculate m(c).
-5
Let p(a) be the first derivative of a**4/4 - 2*a**3 - 3*a**2 - 10*a - 14. Determine p(7).
-3
Let c(b) = -b**2 + 2*b + 3. Suppose -87*p + 82*p - 10 = 0. What is c(p)?
-5
Suppose -5*o + 10 + 9 = j, 5*j - 5*o + 25 = 0. Let w(u) = -5*u**2 + 0*u**2 + u - 2*u**2 + 1. Give w(j).
-7
Suppose -15 = -2*v + 3*x, -v - 4*v - 3*x + 6 = 0. Let u(p) = -4*p - 3*p**2 + p + 4*p**2 - v. Determine u(5).
7
Let m(r) = 4 - r**3 + 4*r + 0*r**3 - 3 - 3*r. Let s(f) = 7*f**3 - 3*f**2 - 3*f - 9. Let o(h) = 6*m(h) + s(h). Determine o(3).
6
Let w be (1 - 7)*4/(-12). Let s(y) = -2*y - 1 + 4*y**w - 3*y**2 + 0*y - 2. Determine s(-2).
5
Let i(n) = -9*n + 5*n**3 + 2*n - 15*n**3 + 5 + 5*n**2. Let w(u) = 5*u**3 - 2*u**2 + 3*u - 2. Let k(r) = -2*i(r) - 5*w(r). Let m = 1 - 0. Give k(m).
-6
Let a = 13 - 18. Let v(s) = s - 1. Let w(n) = -n**2. Let l(h) = 5*v(h) - w(h). Let x(r) = -4*r**2 - 21*r + 19. Let d(t) = -9*l(t) - 2*x(t). Calculate d(a).
-3
Let b(m) = 2*m**2 - 6*m**2 + 5*m**2 - 7. Determine b(0).
-7
Let w(v) = v**3 + 6*v**2 - 7*v - 10. Let b be -5 - (-2)/((-2)/2). Determine w(b).
-10
Let u(f) be the first derivative of -f**4/4 - 4*f**3/3 - f**2 + 2*f - 1. Suppose -4*b + 4*o - 28 = 0, -3*b - 3*o = -o + 1. What is u(b)?
-1
Suppose 0 = 3*h - 4*h. Let v = h + 3. Let b(c) = -c**2 + 4*c - 4. Calculate b(v).
-1
Let l(v) = -v**3 - 4*v**2 - 2. Let t(k) = k**2 + k. Let u(m) = -l(m) + 2*t(m). Give u(-5).
17
Suppose -a - 4 = -0*a. Let l(b) = 0*b**2 - 4*b - 4 - 1 - 5*b**2 - b**3. Determine l(a).
-5
Suppose 3*n = -3*w, -4 + 3 = -w. Let k = -1 - -3. Let v(q) = 3 - 4 - k*q + q. What is v(n)?
0
Let g(f) = 3 - 2 + 5*f**2 + 2*f - 4*f**2. Let z be g(-2). Let t be 1*(-1 + z + -1). Let j(n) = -n**3 - 2*n**2 + 1. Determine j(t).
0
Let h(q) = -q**3 - 4*q**2 + q + 6 - 1 - 2. Let g be 2/8*20 + -9. Determine h(g).
-1
Let c(q) = -11. Let y(t) = -t**3 - t**2 - t + 1. Let v(n) = -c(n) + y(n). What is v(0)?
12
Suppose -4*y + 3 = -2*d + 1, 7 = 5*d - 4*y. Let r(c) = -c + 2. Calculate r(d).
-1
Let g(z) = 2*z**3 - z**2 + 2*z + 3. Let b(p) = -5*p**3 + 2*p**2 - 6*p - 8. Let i(u) = -3*b(u) - 8*g(u). Suppose 9 = x + 2*x. Calculate i(x).
-3
Let l(s) = -5*s - 8. Let t(w) = w + 1. Let n(a) = -l(a) - 4*t(a). What is n(-4)?
0
Suppose -5*h - m = -3*m + 5, 4*h = -5*m + 29. Let r = -14 - -17. Let a(f) = 1 - 6*f - 3*f + r*f + f. Determine a(h).
-4
Let z(u) be the third derivative of 0 - 1/2*u**3 + u**2 + 0*u - 1/24*u**4. Let o(n) = -8*n + 11. Let b be o(2). Determine z(b).
2
Let s(r) = r**2 - 3*r - 17. Let h be s(6). Let c(w) = -4 - w + h + 2. Give c(0).
-1
Suppose -o = -6*o - 25. Let n = 2 + o. Let z(x) = x**2 + 3*x + 2. Calculate z(n).
2
Let f(u) = 13*u**3 + u**2 + u + 1. Let m be f(-1). Let s be ((-3)/(-6))/((-2)/m). Let r(a) = -a - 3*a**2 - 2*a**3 + 4*a**3 - 1 - a**3. What is r(s)?
-4
Let d(p) = 2*p - 2. Suppose t + 4 = -4*b - 14, 5*t + 42 = 4*b. Let j be -8 + (-6*1)/3. Let u be 26/t - (-4)/j. Determine d(u).
-8
Let k(y) = -y**3 - 4*y**2 + 5*y - 5. Suppose j + 10 + 0 = 0. Let g(f) = -f - 15. Let l be g(j). What is k(l)?
-5
Let m(y) be the third derivative of y**4/24 - y**3/6 + y**2. Let c be 1 + (-1 - -3) + -3. Suppose c = 4*p - 3*p + 3. Calculate m(p).
-4
Let t(s) = -2*s**2 + 3*s**2 + 0*s + 7*s - 2*s - 10. Calculate t(-7).
4
Let p(b) = 2*b**3 + 4*b**2 - 2*b + 2. Let d(z) = -3*z**3 - 9*z**2 + 5*z - 5. Let j be 44/12 + 4/(-6). Let l(w) = j*d(w) + 7*p(w). Calculate l(1).
6
Let k(p) = -p**3 - 8*p**2 + 10*p + 13. Let d = 60 - 69. Give k(d).
4
Let p(f) = -f - 6. Let a = -16 + 10. Give p(a).
0
Let v(s) = s**3 